


{"id":2669,"date":"2022-11-18T13:50:03","date_gmt":"2022-11-18T13:50:03","guid":{"rendered":"https:\/\/schuhmachern.ch\/publikationen\/"},"modified":"2025-04-01T09:33:10","modified_gmt":"2025-04-01T09:33:10","slug":"publikationen","status":"publish","type":"page","link":"https:\/\/schuhmachern.ch\/en\/publikationen\/","title":{"rendered":"Publikationen"},"content":{"rendered":"<p>[vc_row][vc_column css=&#8221;.vc_custom_1665546053557{background-color: #ffffff !important;}&#8221;][vc_tta_tabs][vc_tta_section title=&#8221;Aktuelles&#8221; tab_id=&#8221;aktuelles&#8221;]<div class=\"grve-empty-space grve-height-1x\" style=\"\"><\/div><!-- Array\n(\n    [title] => \n    [text_style] => none\n    [align] => left\n    [heading_tag] => h3\n    [heading] => h3\n    [custom_font_family] => \n    [categories] => \n    [exclude_posts] => \n    [include_posts] => \n    [blog_mode] => blog-small\n    [blog_shadow_style] => shadow-mode\n    [carousel_layout] => layout-1\n    [blog_media_area] => yes\n    [blog_image_mode] => landscape-large-wide\n    [blog_grid_image_mode] => landscape\n    [blog_masonry_image_mode] => medium\n    [carousel_image_mode] => landscape\n    [post_type] => \n    [post_title_heading_tag] => h2\n    [post_title_heading] => auto\n    [carousel_style] => 1\n    [carousel_bg_color] => black\n    [carousel_bg_opacity] => 40\n    [blog_image_prio] => \n    [columns_large_screen] => 3\n    [columns] => 3\n    [columns_tablet_landscape] => 2\n    [columns_tablet_portrait] => 2\n    [columns_mobile] => 1\n    [item_gutter] => yes\n    [gutter_size] => 40\n    [auto_excerpt] => \n    [excerpt_length] => 55\n    [excerpt_more] => yes\n    [hide_author] => \n    [hide_date] => \n    [hide_comments] => \n    [hide_like] => \n    [hide_categories] => yes\n    [hide_excerpt] => \n    [posts_per_page] => 10\n    [order_by] => date\n    [order] => DESC\n    [disable_pagination] => \n    [blog_filter] => \n    [filter_style] => simple\n    [filter_shape] => square\n    [filter_color] => primary-1\n    [blog_filter_align] => left\n    [filter_order_by] => \n    [filter_order] => ASC\n    [filter_gototop] => yes\n    [item_spinner] => no\n    [items_per_page] => 4\n    [items_tablet_landscape] => 3\n    [items_tablet_portrait] => 3\n    [items_mobile] => 1\n    [slideshow_speed] => 3000\n    [auto_play] => yes\n    [navigation_type] => 1\n    [navigation_color] => dark\n    [pause_hover] => no\n    [carousel_pagination] => no\n    [carousel_pagination_speed] => 400\n    [animation] => \n    [margin_bottom] => \n    [el_class] => \n)\n -->[\/vc_tta_section][vc_tta_section title=&#8221;Jubil\u00e4umsbuch&#8221; tab_id=&#8221;jubilaeumsbuch&#8221;]<div class=\"grve-empty-space grve-height-1x\" style=\"\"><\/div>[vc_column_text]<\/p>\n<h2>650 Jahre Gesellschaft zu Schuhmachern<\/h2>\n<p>&nbsp;<\/p>\n<p>Anl\u00e4sslich des 650 j\u00e4hrigen Bestehens der Gesellschaft zu Schuhmachern hat das Vorgesetztenbott ein Buchgremium damit beauftragt, ein Buch zu konzipieren, das die Hintergr\u00fcnde, die Geschichte und das Wesen der Gesellschaft beleuchten soll. In einem f\u00fcnfj\u00e4hrigen Projekt gestalteten die Mitglieder des Buchgremiums unter Anleitung der Projektleiterin Barbara Seidel Baeriswyl dieses Werk, beauftragten Fach- und Zunftautoren mit der Erstellung von Texten und Bildern und sorgten schliesslich f\u00fcr ein zusammenh\u00e4ngendes Buch mit rotem Faden. Das Resultat wurde im Mai 2023 publiziert und ist weiter unten als PDF und E-Pub erh\u00e4ltlich, oder als gedruckte Version unter <a href=\"https:\/\/schuhmachern.ch\/services\/#kontakt\">Kontakt<\/a> bestellbar.<\/p>\n<p><img loading=\"lazy\" decoding=\"async\" class=\"alignnone size-medium wp-image-2789\" src=\"http:\/\/schuhmachern.ch\/wp-content\/uploads\/2023\/05\/cover-schuhmachernbuch-238x300.jpg\" alt=\"\" width=\"238\" height=\"300\" srcset=\"https:\/\/schuhmachern.ch\/wp-content\/uploads\/2023\/05\/cover-schuhmachernbuch-238x300.jpg 238w, https:\/\/schuhmachern.ch\/wp-content\/uploads\/2023\/05\/cover-schuhmachernbuch.jpg 643w\" sizes=\"auto, (max-width: 238px) 100vw, 238px\" \/><\/p>\n<p>Sind Sie gespannt, was das Jubil\u00e4umsbuch alles beinhaltet? Werfen Sie einen Blick ins <a href=\"http:\/\/schuhmachern.ch\/wp-content\/uploads\/2023\/05\/Inhaltsverzeichnis-Schuhmachernbuch-2023.pdf\">Inhaltsverzeichnis des Schuhmachernbuchs 2023.<\/a><\/p>\n<p>Das Buch ist gegliedert in vier Hauptthemen:<\/p>\n<ul>\n<li>Die Anf\u00e4nge: Schuhe und Schuhmacher in Bern<\/li>\n<li>Die Gesellschaftsangeh\u00f6rigen<\/li>\n<li>Das Seckel: Zunfthaus, (Im)-Mobilien, Einnahmen und Ausgaben<\/li>\n<li>Das Gesellschaftsleben: einst und jetzt<\/li>\n<\/ul>\n<p>Auf 193 Seiten erz\u00e4hlen die zahlreichen Autoren Geschichten \u00fcber unsere Zunft, die Einbettung im gr\u00f6sseren Kontext Berns und der Umwelt.<\/p>\n<p><a href=\"https:\/\/schuhmachern.ch\/wp-content\/uploads\/2023\/10\/650_Jahre_Gesellschaft_zu_Schuhmachern.epub\" target=\"_blank\" rel=\"noopener\">Download E-Book (epub)<\/a><\/p>\n<p><a href=\"http:\/\/schuhmachern.ch\/wp-content\/uploads\/2023\/10\/21545-GzSchuhmachern_Buch_doppelseitig.pdf\">Download PDF-Version<\/a>[\/vc_column_text]<div class=\"grve-empty-space grve-height-3x\" style=\"\"><\/div><div class=\"grve-element grve-image-text grve-layout-2 grve-align-left grve-paraller-wrapper\" style=\"\"><div class=\"grve-image grve-position-left\"><img loading=\"lazy\" decoding=\"async\" width=\"2560\" height=\"1693\" src=\"https:\/\/schuhmachern.ch\/wp-content\/uploads\/2023\/10\/Peter-Vernissage-scaled.jpg\" class=\"attachment-full size-full\" alt=\"\" srcset=\"https:\/\/schuhmachern.ch\/wp-content\/uploads\/2023\/10\/Peter-Vernissage-scaled.jpg 2560w, https:\/\/schuhmachern.ch\/wp-content\/uploads\/2023\/10\/Peter-Vernissage-300x198.jpg 300w, https:\/\/schuhmachern.ch\/wp-content\/uploads\/2023\/10\/Peter-Vernissage-1024x677.jpg 1024w, https:\/\/schuhmachern.ch\/wp-content\/uploads\/2023\/10\/Peter-Vernissage-768x508.jpg 768w, https:\/\/schuhmachern.ch\/wp-content\/uploads\/2023\/10\/Peter-Vernissage-1536x1016.jpg 1536w, https:\/\/schuhmachern.ch\/wp-content\/uploads\/2023\/10\/Peter-Vernissage-1920x1270.jpg 1920w\" sizes=\"auto, (max-width: 2560px) 100vw, 2560px\" \/><\/div>  <div class=\"grve-content grve-bg-white grve-box-item grve-paraller grve-align-left\" data-limit=\"1x\"><h3 class=\"grve-title grve-heading-color grve-h3\">Buchvernissage<\/h3>  <p class=\"grve-description\">Am 16. Mai 2023 fand auf der Zunftstube die Buchvernissage mit rund 70 G\u00e4sten, darunter Stubengenossinnen und -genossen, Buchautorinnen und -autoren sowie ausgew\u00e4hlte burgerliche G\u00e4ste, statt.<\/p>  <\/div><\/div><div class=\"grve-empty-space grve-height-1x\" style=\"\"><\/div><div class=\"grve-element grve-carousel grve-layout-1 grve-with-gap\" style=\"\">  <div class=\"grve-carousel-wrapper\"><div class=\"grve-carousel-navigation grve-dark grve-navigation-1 grve-navigation-carousel\">\t<div class=\"grve-carousel-buttons\">\t\t<div class=\"grve-carousel-prev\">\t\t\t<i class=\"grve-icon-nav-left-small\"><\/i>\t\t<\/div>\t\t<div class=\"grve-carousel-next\">\t\t\t<i class=\"grve-icon-nav-right-small\"><\/i>\t\t<\/div>\t<\/div><\/div>    <div class=\"grve-carousel-element grve-gallery-popup \" data-items=\"4\" data-items-tablet-landscape=\"3\" data-items-tablet-portrait=\"3\" data-items-mobile=\"1\" data-slider-autoplay=\"no\" data-slider-speed=\"3000\" data-slider-pause=\"no\" data-pagination-speed=\"400\" data-pagination=\"no\" data-slider-loop=\"no\" data-gutter-size=\"40\"><div class=\"grve-carousel-item grve-hover-item grve-hover-style-none\">  <figure class=\"grve-image-hover\">    <a class=\"grve-item-url\" href=\"https:\/\/schuhmachern.ch\/wp-content\/uploads\/2023\/10\/monica-vernissage-1920x1129.jpg\" ><\/a>    <div class=\"grve-hover-overlay grve-bg-light grve-opacity-90\"><\/div><div class=\"grve-media\"><img loading=\"lazy\" decoding=\"async\" width=\"560\" height=\"420\" src=\"https:\/\/schuhmachern.ch\/wp-content\/uploads\/2023\/10\/monica-vernissage-560x420.jpg\" class=\"attachment-movedo-grve-small-rect-horizontal size-movedo-grve-small-rect-horizontal\" alt=\"\" srcset=\"https:\/\/schuhmachern.ch\/wp-content\/uploads\/2023\/10\/monica-vernissage-560x420.jpg 560w, https:\/\/schuhmachern.ch\/wp-content\/uploads\/2023\/10\/monica-vernissage-900x675.jpg 900w\" sizes=\"auto, (max-width: 560px) 100vw, 560px\" \/><\/div>  <\/figure><\/div><div class=\"grve-carousel-item grve-hover-item grve-hover-style-none\">  <figure class=\"grve-image-hover\">    <a class=\"grve-item-url\" href=\"https:\/\/schuhmachern.ch\/wp-content\/uploads\/2023\/10\/Michel-Vernissage-1920x1462.jpg\" ><\/a>    <div class=\"grve-hover-overlay grve-bg-light grve-opacity-90\"><\/div><div class=\"grve-media\"><img loading=\"lazy\" decoding=\"async\" width=\"560\" height=\"420\" src=\"https:\/\/schuhmachern.ch\/wp-content\/uploads\/2023\/10\/Michel-Vernissage-560x420.jpg\" class=\"attachment-movedo-grve-small-rect-horizontal size-movedo-grve-small-rect-horizontal\" alt=\"\" srcset=\"https:\/\/schuhmachern.ch\/wp-content\/uploads\/2023\/10\/Michel-Vernissage-560x420.jpg 560w, https:\/\/schuhmachern.ch\/wp-content\/uploads\/2023\/10\/Michel-Vernissage-900x675.jpg 900w\" sizes=\"auto, (max-width: 560px) 100vw, 560px\" \/><\/div>  <\/figure><\/div><div class=\"grve-carousel-item grve-hover-item grve-hover-style-none\">  <figure class=\"grve-image-hover\">    <a class=\"grve-item-url\" href=\"https:\/\/schuhmachern.ch\/wp-content\/uploads\/2023\/10\/Blumen-Vernissage-1920x1232.jpg\" ><\/a>    <div class=\"grve-hover-overlay grve-bg-light grve-opacity-90\"><\/div><div class=\"grve-media\"><img loading=\"lazy\" decoding=\"async\" width=\"560\" height=\"420\" src=\"https:\/\/schuhmachern.ch\/wp-content\/uploads\/2023\/10\/Blumen-Vernissage-560x420.jpg\" class=\"attachment-movedo-grve-small-rect-horizontal size-movedo-grve-small-rect-horizontal\" alt=\"\" srcset=\"https:\/\/schuhmachern.ch\/wp-content\/uploads\/2023\/10\/Blumen-Vernissage-560x420.jpg 560w, https:\/\/schuhmachern.ch\/wp-content\/uploads\/2023\/10\/Blumen-Vernissage-900x675.jpg 900w\" sizes=\"auto, (max-width: 560px) 100vw, 560px\" \/><\/div>  <\/figure><\/div><div class=\"grve-carousel-item grve-hover-item grve-hover-style-none\">  <figure class=\"grve-image-hover\">    <a class=\"grve-item-url\" href=\"https:\/\/schuhmachern.ch\/wp-content\/uploads\/2023\/10\/Armand-Vernissage-1920x1224.jpg\" ><\/a>    <div class=\"grve-hover-overlay grve-bg-light grve-opacity-90\"><\/div><div class=\"grve-media\"><img loading=\"lazy\" decoding=\"async\" width=\"560\" height=\"420\" src=\"https:\/\/schuhmachern.ch\/wp-content\/uploads\/2023\/10\/Armand-Vernissage-560x420.jpg\" class=\"attachment-movedo-grve-small-rect-horizontal size-movedo-grve-small-rect-horizontal\" alt=\"\" srcset=\"https:\/\/schuhmachern.ch\/wp-content\/uploads\/2023\/10\/Armand-Vernissage-560x420.jpg 560w, https:\/\/schuhmachern.ch\/wp-content\/uploads\/2023\/10\/Armand-Vernissage-900x675.jpg 900w\" sizes=\"auto, (max-width: 560px) 100vw, 560px\" \/><\/div>  <\/figure><\/div>\t  <\/div>\t<\/div><\/div><div class=\"grve-empty-space grve-height-6x\" style=\"\"><\/div>[\/vc_tta_section][vc_tta_section title=&#8221;Weitere Publikationen&#8221; tab_id=&#8221;1676825578101-ca5eb12d-f060&#8243;]<div class=\"grve-empty-space grve-height-1x\" style=\"\"><\/div>[vc_column_text]<\/p>\n<h2>Weitere Publikationen<\/h2>\n<p>&nbsp;<\/p>\n<p>Zu den weiteren Publikationen der Gesellschaft zu Schuhmachern z\u00e4hlen unter anderem:<\/p>\n<ul>\n<li>Edgar Hans Brunner: Wappenbuch der Stubengenossen einer ehrenden Gesellschaft zu Schuhmachern, Bern 1991<\/li>\n<li>Ernst Trechsel, Die Gesellschaft zu den Schuhmachern von Bern, Diss. Universit\u00e4t Bern 1934<\/li>\n<li>Friedrich Trechsel: Die Gesellschaft zu Schuhmachern, in: Berner Taschenbuch auf das Jahr 1878, S. 53-123<\/li>\n<\/ul>\n<p>[\/vc_column_text][\/vc_tta_section][\/vc_tta_tabs][\/vc_column][\/vc_row][vc_row][vc_column][\/vc_column][\/vc_row]<\/p>\n","protected":false},"excerpt":{"rendered":"<p>[vc_row][vc_column css=&#8221;.vc_custom_1665546053557{background-color: #ffffff !important;}&#8221;][vc_tta_tabs][vc_tta_section title=&#8221;Aktuelles&#8221; tab_id=&#8221;aktuelles&#8221;][\/vc_tta_section][vc_tta_section title=&#8221;Jubil\u00e4umsbuch&#8221; tab_id=&#8221;jubilaeumsbuch&#8221;][vc_column_text] 650 Jahre Gesellschaft zu Schuhmachern &nbsp; Anl\u00e4sslich des 650 j\u00e4hrigen Bestehens der Gesellschaft zu Schuhmachern hat das Vorgesetztenbott ein Buchgremium damit beauftragt, ein Buch zu konzipieren, das die Hintergr\u00fcnde, die Geschichte und das Wesen der Gesellschaft beleuchten soll. In einem f\u00fcnfj\u00e4hrigen Projekt gestalteten die Mitglieder des Buchgremiums [&hellip;]<\/p>\n","protected":false},"author":1,"featured_media":0,"parent":0,"menu_order":0,"comment_status":"closed","ping_status":"closed","template":"","meta":{"footnotes":""},"class_list":["post-2669","page","type-page","status-publish","hentry"],"acf":[],"aioseo_notices":[],"_links":{"self":[{"href":"https:\/\/schuhmachern.ch\/en\/wp-json\/wp\/v2\/pages\/2669","targetHints":{"allow":["GET"]}}],"collection":[{"href":"https:\/\/schuhmachern.ch\/en\/wp-json\/wp\/v2\/pages"}],"about":[{"href":"https:\/\/schuhmachern.ch\/en\/wp-json\/wp\/v2\/types\/page"}],"author":[{"embeddable":true,"href":"https:\/\/schuhmachern.ch\/en\/wp-json\/wp\/v2\/users\/1"}],"replies":[{"embeddable":true,"href":"https:\/\/schuhmachern.ch\/en\/wp-json\/wp\/v2\/comments?post=2669"}],"version-history":[{"count":97,"href":"https:\/\/schuhmachern.ch\/en\/wp-json\/wp\/v2\/pages\/2669\/revisions"}],"predecessor-version":[{"id":3820,"href":"https:\/\/schuhmachern.ch\/en\/wp-json\/wp\/v2\/pages\/2669\/revisions\/3820"}],"wp:attachment":[{"href":"https:\/\/schuhmachern.ch\/en\/wp-json\/wp\/v2\/media?parent=2669"}],"curies":[{"name":"wp","href":"https:\/\/api.w.org\/{rel}","templated":true}]}}

<p>[vc_row][vc_column css=&#8221;.vc_custom_1665546053557{background-color: #ffffff !important;}&#8221;][vc_tta_tabs][vc_tta_section title=&#8221;Aktuelles&#8221; tab_id=&#8221;aktuelles&#8221;]<div class="grve-empty-space grve-height-1x" style=""></div><!-- Array
(
    [title] => 
    [text_style] => none
    [align] => left
    [heading_tag] => h3
    [heading] => h3
    [custom_font_family] => 
    [categories] => 
    [exclude_posts] => 
    [include_posts] => 
    [blog_mode] => blog-small
    [blog_shadow_style] => shadow-mode
    [carousel_layout] => layout-1
    [blog_media_area] => yes
    [blog_image_mode] => landscape-large-wide
    [blog_grid_image_mode] => landscape
    [blog_masonry_image_mode] => medium
    [carousel_image_mode] => landscape
    [post_type] => 
    [post_title_heading_tag] => h2
    [post_title_heading] => auto
    [carousel_style] => 1
    [carousel_bg_color] => black
    [carousel_bg_opacity] => 40
    [blog_image_prio] => 
    [columns_large_screen] => 3
    [columns] => 3
    [columns_tablet_landscape] => 2
    [columns_tablet_portrait] => 2
    [columns_mobile] => 1
    [item_gutter] => yes
    [gutter_size] => 40
    [auto_excerpt] => 
    [excerpt_length] => 55
    [excerpt_more] => yes
    [hide_author] => 
    [hide_date] => 
    [hide_comments] => 
    [hide_like] => 
    [hide_categories] => yes
    [hide_excerpt] => 
    [posts_per_page] => 10
    [order_by] => date
    [order] => DESC
    [disable_pagination] => 
    [blog_filter] => 
    [filter_style] => simple
    [filter_shape] => square
    [filter_color] => primary-1
    [blog_filter_align] => left
    [filter_order_by] => 
    [filter_order] => ASC
    [filter_gototop] => yes
    [item_spinner] => no
    [items_per_page] => 4
    [items_tablet_landscape] => 3
    [items_tablet_portrait] => 3
    [items_mobile] => 1
    [slideshow_speed] => 3000
    [auto_play] => yes
    [navigation_type] => 1
    [navigation_color] => dark
    [pause_hover] => no
    [carousel_pagination] => no
    [carousel_pagination_speed] => 400
    [animation] => 
    [margin_bottom] => 
    [el_class] => 
)
 -->[/vc_tta_section][vc_tta_section title=&#8221;Jubiläumsbuch&#8221; tab_id=&#8221;jubilaeumsbuch&#8221;]<div class="grve-empty-space grve-height-1x" style=""></div>[vc_column_text]</p>
<h2>650 Jahre Gesellschaft zu Schuhmachern</h2>
<p>&nbsp;</p>
<p>Anlässlich des 650 jährigen Bestehens der Gesellschaft zu Schuhmachern hat das Vorgesetztenbott ein Buchgremium damit beauftragt, ein Buch zu konzipieren, das die Hintergründe, die Geschichte und das Wesen der Gesellschaft beleuchten soll. In einem fünfjährigen Projekt gestalteten die Mitglieder des Buchgremiums unter Anleitung der Projektleiterin Barbara Seidel Baeriswyl dieses Werk, beauftragten Fach- und Zunftautoren mit der Erstellung von Texten und Bildern und sorgten schliesslich für ein zusammenhängendes Buch mit rotem Faden. Das Resultat wurde im Mai 2023 publiziert und ist weiter unten als PDF und E-Pub erhältlich, oder als gedruckte Version unter <a href="https://schuhmachern.ch/services/#kontakt">Kontakt</a> bestellbar.</p>
<p><img loading="lazy" decoding="async" class="alignnone size-medium wp-image-2789" src="http://schuhmachern.ch/wp-content/uploads/2023/05/cover-schuhmachernbuch-238x300.jpg" alt="" width="238" height="300" srcset="https://schuhmachern.ch/wp-content/uploads/2023/05/cover-schuhmachernbuch-238x300.jpg 238w, https://schuhmachern.ch/wp-content/uploads/2023/05/cover-schuhmachernbuch.jpg 643w" sizes="auto, (max-width: 238px) 100vw, 238px" /></p>
<p>Sind Sie gespannt, was das Jubiläumsbuch alles beinhaltet? Werfen Sie einen Blick ins <a href="http://schuhmachern.ch/wp-content/uploads/2023/05/Inhaltsverzeichnis-Schuhmachernbuch-2023.pdf">Inhaltsverzeichnis des Schuhmachernbuchs 2023.</a></p>
<p>Das Buch ist gegliedert in vier Hauptthemen:</p>
<ul>
<li>Die Anfänge: Schuhe und Schuhmacher in Bern</li>
<li>Die Gesellschaftsangehörigen</li>
<li>Das Seckel: Zunfthaus, (Im)-Mobilien, Einnahmen und Ausgaben</li>
<li>Das Gesellschaftsleben: einst und jetzt</li>
</ul>
<p>Auf 193 Seiten erzählen die zahlreichen Autoren Geschichten über unsere Zunft, die Einbettung im grösseren Kontext Berns und der Umwelt.</p>
<p><a href="https://schuhmachern.ch/wp-content/uploads/2023/10/650_Jahre_Gesellschaft_zu_Schuhmachern.epub" target="_blank" rel="noopener">Download E-Book (epub)</a></p>
<p><a href="http://schuhmachern.ch/wp-content/uploads/2023/10/21545-GzSchuhmachern_Buch_doppelseitig.pdf">Download PDF-Version</a>[/vc_column_text]<div class="grve-empty-space grve-height-3x" style=""></div><div class="grve-element grve-image-text grve-layout-2 grve-align-left grve-paraller-wrapper" style=""><div class="grve-image grve-position-left"><img loading="lazy" decoding="async" width="2560" height="1693" src="https://schuhmachern.ch/wp-content/uploads/2023/10/Peter-Vernissage-scaled.jpg" class="attachment-full size-full" alt="" srcset="https://schuhmachern.ch/wp-content/uploads/2023/10/Peter-Vernissage-scaled.jpg 2560w, https://schuhmachern.ch/wp-content/uploads/2023/10/Peter-Vernissage-300x198.jpg 300w, https://schuhmachern.ch/wp-content/uploads/2023/10/Peter-Vernissage-1024x677.jpg 1024w, https://schuhmachern.ch/wp-content/uploads/2023/10/Peter-Vernissage-768x508.jpg 768w, https://schuhmachern.ch/wp-content/uploads/2023/10/Peter-Vernissage-1536x1016.jpg 1536w, https://schuhmachern.ch/wp-content/uploads/2023/10/Peter-Vernissage-1920x1270.jpg 1920w" sizes="auto, (max-width: 2560px) 100vw, 2560px" /></div>  <div class="grve-content grve-bg-white grve-box-item grve-paraller grve-align-left" data-limit="1x"><h3 class="grve-title grve-heading-color grve-h3">Buchvernissage</h3>  <p class="grve-description">Am 16. Mai 2023 fand auf der Zunftstube die Buchvernissage mit rund 70 Gästen, darunter Stubengenossinnen und -genossen, Buchautorinnen und -autoren sowie ausgewählte burgerliche Gäste, statt.</p>  </div></div><div class="grve-empty-space grve-height-1x" style=""></div><div class="grve-element grve-carousel grve-layout-1 grve-with-gap" style="">  <div class="grve-carousel-wrapper"><div class="grve-carousel-navigation grve-dark grve-navigation-1 grve-navigation-carousel">	<div class="grve-carousel-buttons">		<div class="grve-carousel-prev">			<i class="grve-icon-nav-left-small"></i>		</div>		<div class="grve-carousel-next">			<i class="grve-icon-nav-right-small"></i>		</div>	</div></div>    <div class="grve-carousel-element grve-gallery-popup " data-items="4" data-items-tablet-landscape="3" data-items-tablet-portrait="3" data-items-mobile="1" data-slider-autoplay="no" data-slider-speed="3000" data-slider-pause="no" data-pagination-speed="400" data-pagination="no" data-slider-loop="no" data-gutter-size="40"><div class="grve-carousel-item grve-hover-item grve-hover-style-none">  <figure class="grve-image-hover">    <a class="grve-item-url" href="https://schuhmachern.ch/wp-content/uploads/2023/10/monica-vernissage-1920x1129.jpg" ></a>    <div class="grve-hover-overlay grve-bg-light grve-opacity-90"></div><div class="grve-media"><img loading="lazy" decoding="async" width="560" height="420" src="https://schuhmachern.ch/wp-content/uploads/2023/10/monica-vernissage-560x420.jpg" class="attachment-movedo-grve-small-rect-horizontal size-movedo-grve-small-rect-horizontal" alt="" srcset="https://schuhmachern.ch/wp-content/uploads/2023/10/monica-vernissage-560x420.jpg 560w, https://schuhmachern.ch/wp-content/uploads/2023/10/monica-vernissage-900x675.jpg 900w" sizes="auto, (max-width: 560px) 100vw, 560px" /></div>  </figure></div><div class="grve-carousel-item grve-hover-item grve-hover-style-none">  <figure class="grve-image-hover">    <a class="grve-item-url" href="https://schuhmachern.ch/wp-content/uploads/2023/10/Michel-Vernissage-1920x1462.jpg" ></a>    <div class="grve-hover-overlay grve-bg-light grve-opacity-90"></div><div class="grve-media"><img loading="lazy" decoding="async" width="560" height="420" src="https://schuhmachern.ch/wp-content/uploads/2023/10/Michel-Vernissage-560x420.jpg" class="attachment-movedo-grve-small-rect-horizontal size-movedo-grve-small-rect-horizontal" alt="" srcset="https://schuhmachern.ch/wp-content/uploads/2023/10/Michel-Vernissage-560x420.jpg 560w, https://schuhmachern.ch/wp-content/uploads/2023/10/Michel-Vernissage-900x675.jpg 900w" sizes="auto, (max-width: 560px) 100vw, 560px" /></div>  </figure></div><div class="grve-carousel-item grve-hover-item grve-hover-style-none">  <figure class="grve-image-hover">    <a class="grve-item-url" href="https://schuhmachern.ch/wp-content/uploads/2023/10/Blumen-Vernissage-1920x1232.jpg" ></a>    <div class="grve-hover-overlay grve-bg-light grve-opacity-90"></div><div class="grve-media"><img loading="lazy" decoding="async" width="560" height="420" src="https://schuhmachern.ch/wp-content/uploads/2023/10/Blumen-Vernissage-560x420.jpg" class="attachment-movedo-grve-small-rect-horizontal size-movedo-grve-small-rect-horizontal" alt="" srcset="https://schuhmachern.ch/wp-content/uploads/2023/10/Blumen-Vernissage-560x420.jpg 560w, https://schuhmachern.ch/wp-content/uploads/2023/10/Blumen-Vernissage-900x675.jpg 900w" sizes="auto, (max-width: 560px) 100vw, 560px" /></div>  </figure></div><div class="grve-carousel-item grve-hover-item grve-hover-style-none">  <figure class="grve-image-hover">    <a class="grve-item-url" href="https://schuhmachern.ch/wp-content/uploads/2023/10/Armand-Vernissage-1920x1224.jpg" ></a>    <div class="grve-hover-overlay grve-bg-light grve-opacity-90"></div><div class="grve-media"><img loading="lazy" decoding="async" width="560" height="420" src="https://schuhmachern.ch/wp-content/uploads/2023/10/Armand-Vernissage-560x420.jpg" class="attachment-movedo-grve-small-rect-horizontal size-movedo-grve-small-rect-horizontal" alt="" srcset="https://schuhmachern.ch/wp-content/uploads/2023/10/Armand-Vernissage-560x420.jpg 560w, https://schuhmachern.ch/wp-content/uploads/2023/10/Armand-Vernissage-900x675.jpg 900w" sizes="auto, (max-width: 560px) 100vw, 560px" /></div>  </figure></div>	  </div>	</div></div><div class="grve-empty-space grve-height-6x" style=""></div>[/vc_tta_section][vc_tta_section title=&#8221;Weitere Publikationen&#8221; tab_id=&#8221;1676825578101-ca5eb12d-f060&#8243;]<div class="grve-empty-space grve-height-1x" style=""></div>[vc_column_text]</p>
<h2>Weitere Publikationen</h2>
<p>&nbsp;</p>
<p>Zu den weiteren Publikationen der Gesellschaft zu Schuhmachern zählen unter anderem:</p>
<ul>
<li>Edgar Hans Brunner: Wappenbuch der Stubengenossen einer ehrenden Gesellschaft zu Schuhmachern, Bern 1991</li>
<li>Ernst Trechsel, Die Gesellschaft zu den Schuhmachern von Bern, Diss. Universität Bern 1934</li>
<li>Friedrich Trechsel: Die Gesellschaft zu Schuhmachern, in: Berner Taschenbuch auf das Jahr 1878, S. 53-123</li>
</ul>
<p>[/vc_column_text][/vc_tta_section][/vc_tta_tabs][/vc_column][/vc_row][vc_row][vc_column][/vc_column][/vc_row]</p>

<p>[vc_row][vc_column css=&#8221;.vc_custom_1665546053557{background-color: #ffffff !important;}&#8221;][vc_tta_tabs][vc_tta_section title=&#8221;Aktuelles&#8221; tab_id=&#8221;aktuelles&#8221;][/vc_tta_section][vc_tta_section title=&#8221;Jubiläumsbuch&#8221; tab_id=&#8221;jubilaeumsbuch&#8221;][vc_column_text] 650 Jahre Gesellschaft zu Schuhmachern &nbsp; Anlässlich des 650 jährigen Bestehens der Gesellschaft zu Schuhmachern hat das Vorgesetztenbott ein Buchgremium damit beauftragt, ein Buch zu konzipieren, das die Hintergründe, die Geschichte und das Wesen der Gesellschaft beleuchten soll. In einem fünfjährigen Projekt gestalteten die Mitglieder des Buchgremiums [&hellip;]</p>
